**3. Give k(-4).
-10
Let f(k) = 1 - 5 - k**2 + 0 + 5*k - 6*k. Let s(j) = 2 + 4*j + 3 + j**3 - j**2 - 5*j**2. Let c be s(5). Give f(c).
-4
Let s = 9 + -14. Let a(z) = 7 + 0 - 3*z + 4*z. What is a(s)?
2
Let r(a) = -a**2 + 2*a + 7. Suppose 2*i = -4*z - 0*z - 10, 3*i - 4*z - 35 = 0. Calculate r(i).
-8
Let y(f) be the first derivative of f**4/4 - 29. Suppose 2*p = -3*p. Let u be ((-3)/(-2) - 1)*p. What is y(u)?
0
Suppose -4*r = -9*r - 5. Let s(f) = -5*f**2 - f - 1. Give s(r).
-5
Let s(h) be the second derivative of h**4/12 + 5*h**3/6 - h**2/2 - 47*h. What is s(-5)?
-1
Suppose 2*m + 6 = 30. Suppose 7*n = -3*y + 4*n + m, -2*n = -5*y + 13. Let c(b) = 7 - 10 - 2*b - 2*b + y*b. Calculate c(3).
-6
Let y be (-1 + 2)*-1*-2. Let t(z) = -2*z**3 - z**2 - 3*z + 3. Let s(d) = d**3 + d**2 + 2*d - 2. Let q(k) = 5*s(k) + 3*t(k). Determine q(y).
1
Let p(i) = 3*i**3 - i**2 - 2*i + 8. Let g(r) = -13*r**3 + 4*r**2 + 9*r - 33. Let s(t) = 2*g(t) + 9*p(t). Suppose -4*c = -3*c. Determine s(c).
6
Let d(h) = -8*h + 19. Let p(g) = 2*g - 5. Let n(r) = 2*d(r) + 9*p(r). What is n(5)?
3
Let n(i) = -3*i**2 + i. Let w be 2*(4 - (0 - -2)). Suppose 0 = 5*d + 5*g + 25, 23 = -7*d + w*d - 5*g. Give n(d).
-4
Let u(p) = -16*p**2 + 8*p + 1. Let c(l) = l + 2*l**2 - 3*l**2 - 4*l + 4*l. Let k(x) = 6*c(x) - u(x). Determine k(-1).
11
Let o(d) = d**2 - d + 5. Let y(i) be the first derivative of -2*i**3/3 + 3*i**2/2 - 9*i - 4. Let v(t) = 7*o(t) + 4*y(t). Calculate v(5).
-1
Let t = -13 - -15. Suppose 15 = b + 4*b. Let w(l) = -b - 3*l - 3*l**3 + 4*l**3 - l - l**2 - t*l**2. Determine w(4).
-3
Let l(s) = -4*s**3 + 9*s**2 - 7*s - 6. Let w(k) = -5*k**3 + 10*k**2 - 7*k - 6. Let u(h) = 6*l(h) - 5*w(h). Calculate u(-4).
22
Let m(w) = 3*w - 14. Let z = 9 + -5. Let g(t) = t - 5. Let d(r) = z*m(r) - 11*g(r). Let p = 6 - 6. Determine d(p).
-1
Let n = 20 + -14. Let z(d) = -d + 2. Give z(n).
-4
Let y(w) = -w**3 + 7*w**2 + 6*w - 24. Let l(j) = -j**3 + 8*j**2 + 7*j - 25. Let a(i) = 6*l(i) - 7*y(i). What is a(0)?
18
Let t(u) be the second derivative of -u**5/20 + u**3/6 - 4*u**2 + 6*u. Give t(0).
-8
Let o(g) = g**2 + 2*g + 2. Let k be o(-2). Let v(r) = -5 + r**3 + 1 + r + 2*r**k + 3. Let b = 3 - 5. Calculate v(b).
-3
Let q(g) be the first derivative of -g**3/3 - g**2/2 + 2*g - 9. Determine q(2).
-4
Let y(w) be the first derivative of w - 4/3*w**3 + 1/2*w**2 + 5. Give y(-1).
-4
Let f(g) be the third derivative of 5/6*g**3 + 0*g + 1/60*g**5 + 1/4*g**4 + 0 - 2*g**2. Let b be (-4)/(3 + -2 - 0). Determine f(b).
-3
Let c = -3 - 1. Let s(x) = 0*x**2 + x**2 + 3*x**2 + x + 3 + x**3 - 5. Give s(c).
-6
Let f(i) be the second derivative of i**4/12 - i**3/3 + 3*i. Let t be 8/12 - 16/6. Let q = 1 - t. Give f(q).
3
Let s(u) = -u**2 - u. Let d(l) = -2*l**2 + 5*l + 7. Let o(a) = d(a) - 3*s(a). Determine o(-7).
0
Let y = -7 - -8. Let w be (-2)/1*(-3)/6. Let k(j) = -w + 4*j + 1. Calculate k(y).
4
Let d(r) be the second derivative of -r**3/6 - r**2 - 3*r. What is d(-4)?
2
Let t = -16 - -20. Let a(q) be the first derivative of q**4/4 - 5*q**3/3 + 2*q**2 - q + 7. Give a(t).
-1
Let y be (((-50)/5)/5)/((-2)/(-4)). Let b(s) be the third derivative of s**4/24 + s**3/6 + 2*s**2. Determine b(y).
-3
Let c(b) = b**2 - b + 8. Let k(i) = 1 - 6 - 5*i + 4*i + 0*i. Let d be k(-5). Calculate c(d).
8
Let t(k) = -k**3 - 4*k**2 + 3. Let y be t(-3). Let b(r) = r + 9. Determine b(y).
3
Let w be 1 - (2 - 1 - -1). Let y(k) = 10*k**2 + 6*k + 7. Let o(u) = -9*u**2 - 5*u - 6. Let t = -7 + 1. Let v(g) = t*o(g) - 5*y(g). What is v(w)?
5
Let i(f) be the second derivative of -f**5/20 + 5*f**4/12 + f**3/3 - f**2/2 + 2*f. Suppose -7 - 2 = -3*j. Suppose v + j*v = 20. Calculate i(v).
9
Let c(o) = 5*o - 3 + 3 - 3 - 4*o. What is c(5)?
2
Let p(u) be the third derivative of u**5/60 + 7*u**4/24 + 7*u**3/6 + 33*u**2. What is p(-7)?
7
Let b = -6 + 10. Let r(n) = 4*n**2 + 1 - 16*n**3 - n**2 - b*n**2. Give r(1).
-16
Let d be (-4)/(-24) + 154/12. Suppose -3*z - d = 8. Let j(x) = -x**2 - 7*x + 4. Calculate j(z).
4
Let y be 0*(-2 + (-3)/(-2)). Let s be y/(2*(-1)/(-1)). Suppose -5*v + 15 = -s*v. Let c(u) = -u**3 + 3*u**2. What is c(v)?
0
Let g be (3/36)/(13/3 - 4). Let a(f) be the first derivative of -f**2 + 4/3*f**3 + 1 - g*f**4 + f. Calculate a(3).
4
Let v(g) = -g - 2. Let k be v(-5). Let w(f) = -f**3 - 1 + 0*f**k - 4*f - 3 - 5*f**2 + 10*f**2. What is w(4)?
-4
Let k(y) = -y**2 - 5*y + 4. Let x = -62 + 57. Give k(x).
4
Let t(o) = o + 0*o + 0*o + o**2 - 7. Let a(f) = f**3 + 1. Let v(k) = a(k) - t(k). Let l(c) = 5*c + 10. Let n be l(-2). Give v(n).
8
Let u(p) = -p**2 + p + 1. Let c(h) = 6*h**2 - 13*h - 12. Let r(a) = -c(a) - 5*u(a). What is r(8)?
7
Let o(z) be the third derivative of -z**5/60 - z**4/6 + z**3/3 - 24*z**2. Give o(-3).
5
Let r(y) = 5*y**2. Suppose 5 = -4*l - 3*d, 3*l + 5*d + 10 = -2*l. Let m be r(l). Let n(t) = -t**3 + 5*t**2. Give n(m).
0
Let o(a) be the second derivative of a**5/20 - a**4/2 + a**3 - a**2 - 17*a. What is o(5)?
3
Let t(h) = -h + 10. Let q(u) = u - 9. Let d(n) = 4*q(n) + 3*t(n). What is d(3)?
-3
Let x(c) = 1 + 2*c - 3*c - 2*c + 0*c. Give x(-2).
7
Let s = -8 + 3. Let v = -2 - s. Let d(c) = 0*c**3 - c**v + 2 - 2*c**2 + 7*c - c**2 - c**2. Determine d(-5).
-8
Let g(z) = z**3 - 2*z**2 - 3*z - 5. Let b(q) = -q**2 + 7*q - 8. Let v be b(4). Give g(v).
15
Let y(l) = -2*l**2 - 5*l - 1. Let i(h) = -h. Let n(t) = -6*i(t) + y(t). Give n(3).
-16
Let o be (-100)/(-16) - 2/8. Suppose q + 2*q = o. Let f(g) = -g**q - 6 - 3*g - 3*g + 0 + 2*g. Give f(-5).
-11
Let h(u) = 2*u - 6. Let d be h(6). Let k(z) = z + d + 2*z - z**2 + 0*z**2. Give k(5).
-4
Let n(c) = c**3 + 4*c**2 + 3*c + 3. Let h = 6 + -9. Determine n(h).
3
Let v = -9 + 12. Suppose 5*m - 20 = 0, -2*k - 6 = -0*k - 3*m. Let b(j) = 3*j - k + 4 - j. What is b(v)?
7
Suppose 0 = -4*i + 2 + 6. Suppose -d + 9 = i*d. Let t(g) = g + 2 - 1 - d. What is t(5)?
3
Let y = -5 + 7. Let q(s) = 7*s - 5 + 3*s + y - 5*s - s**2. Let o = -2 - -5. Calculate q(o).
3
Let r(f) = 6*f**3 - f**2. Suppose 10*c + 3 = 7*c. Calculate r(c).
-7
Let k(l) = -l**2 - 3. Let b(p) = 2*p**2 + p + 5. Let s(n) = 3*b(n) + 5*k(n). Give s(-4).
4
Let u(k) = -k + 10. Let o be u(7). Let x(w) = -w**2 - 2*w. Let t(q) = -5*q**2 - 11*q + 1. Let f(d) = 2*t(d) - 11*x(d). Give f(o).
11
Let x(q) be the second derivative of 0 - 1/12*q**4 - 1/6*q**3 + 0*q**2 - 3*q. What is x(-2)?
-2
Suppose -x - 10 = x + 2*i, -4*i = -4*x - 20. Let h(v) = -v**3 - 4*v**2 + 3*v - 4. Give h(x).
6
Suppose 0 = -c - 0 - 4. Let f(p) = 2. Let d(k) = k + 4. Let v(y) = -2*d(y) + 5*f(y). Calculate v(c).
10
Let b(r) be the third derivative of r**5/60 - 7*r**4/24 - r**2. Suppose z + 4*z + o - 31 = 0, 2*z = -5*o + 17. What is b(z)?
-6
Let r(m) = -2*m - 6. Let i(u) = 9*u + 1. Suppose 3 = p + 2*p. Let d be i(p). Let k be 8/d*(0 - 5). Calculate r(k).
2
Let n(y) = y**3 + y**2 + 5. Suppose -2*w = -0*w + 6. Let i = w + 6. Suppose 0 = 4*r - 8, i*q = 4*q + 3*r - 6. Give n(q).
5
Let i = -28 - -30. Let h(c) = c**3 - c**2 + 2*c - 3. What is h(i)?
5
Let o(g) = 5*g - g**3 - 2*g**2 - g + 6*g**2. Calculate o(4).
16
Let y(c) = -2*c**2 - c + 3. Let g(i) = i**2 - 11*i + 13. Let n be g(10). Calculate y(n).
-18
Let t(y) = -4*y - 1. Suppose 0 = 2*j - b + 2, 0 + 6 = -j + 3*b. Suppose 2*x - 2*p = j, 4*p - 4 + 0 = 0. What is t(x)?
-5
Let b(j) = -5*j**2 + 5*j + 3. Let l(t) = 6*t**2 - 6*t - 4. Let f(v) = 5*b(v) + 4*l(v). Suppose r - 4*r = 0. Let g = r + 2. Determine f(g).
-3
Let t(s) = s**2 + 11*s - 15. Let h be t(-12). Let k(d) be the third derivative of -d**6/120 - d**5/15 - d**4/24 + d**3/2 - 8*d**2. Calculate k(h).
-3
Let l(k) = -k**3 + 6*k**2 - 2*k + 9. Suppose -5*u - 40 = -5*p, -4*u + 0*u + 4 = 2*p. Let b be l(p). Let o(s) = s**2 + 3*s + 1. Determine o(b).
1
Let m(p) be the third derivative of -2*p**2 + 0 + 0*p + 1/2*p**3 + 1/12*p**4. Determine m(-3).
-3
Let o(t) be the second derivative of t**3/3 + t**2 - 2*t. What is o(-2)?
-2
Let y(b) = 2*b - 15. Let o(r) = -3*r + 23. Let c(a) = 5*o(a) + 8*y(a). What is c(0)?
-5
Let z(u) be the first derivative of -u**2/2 + 6*u + 1. Suppose -37*f + 36 = -31*f. Give z(f).
0
Let n(o) = -o. Let h(g) = 4*g + 0*g**2 - g**2 + 3*g**2 + 2*g**2 - 1. Let l(r) = -h(r) - 5*n(r). Determine l(-1).
-4
Let i(m) = m - 4 + 2*m + m**2 + 0*m + m. Determine i(-6).
8
Let n(y) = 5*y**2 - 3 - 2*y**3 + 3*y